{"id":97,"date":"2017-06-06T09:23:32","date_gmt":"2017-06-06T09:23:32","guid":{"rendered":"http:\/\/martinschminke.de\/?page_id=97"},"modified":"2019-03-20T07:04:48","modified_gmt":"2019-03-20T07:04:48","slug":"biografie","status":"publish","type":"page","link":"https:\/\/martinschminke.de\/?page_id=97","title":{"rendered":"Biografie"},"content":{"rendered":"<p>[et_pb_section bb_built=&#8220;1&#8243; admin_label=&#8220;section&#8220; _builder_version=&#8220;3.0.47&#8243;][et_pb_row admin_label=&#8220;row&#8220; custom_padding=&#8220;27px|0px|43px|0px&#8220; _builder_version=&#8220;3.0.47&#8243; background_size=&#8220;initial&#8220; background_position=&#8220;top_left&#8220; background_repeat=&#8220;repeat&#8220;][et_pb_column type=&#8220;4_4&#8243;][et_pb_image admin_label=&#8220;Bild&#8220; src=&#8220;http:\/\/martinschminke.de\/wp-content\/uploads\/2017\/06\/Bio001.jpg&#8220; _builder_version=&#8220;3.0.50&#8243; \/][\/et_pb_column][\/et_pb_row][et_pb_row admin_label=&#8220;Zeile&#8220; _builder_version=&#8220;3.0.47&#8243; background_size=&#8220;initial&#8220; background_position=&#8220;top_left&#8220; background_repeat=&#8220;repeat&#8220;][et_pb_column type=&#8220;4_4&#8243;][et_pb_text admin_label=&#8220;Text&#8220; text_orientation=&#8220;justified&#8220; _builder_version=&#8220;3.0.50&#8243; background_layout=&#8220;light&#8220; border_style=&#8220;solid&#8220;]<\/p>\n<h2>Biografie<\/h2>\n<p>&nbsp;<\/p>\n<p>Der aus Kassel stammende Geiger Martin Schminke\u00a0studierte an der Musikakademie Kassel bei Prof. Albert Kocsis und an der Musikhochschule W\u00fcrzburg bei Prof. Ernst Triner. Er war mehrfacher Preistr\u00e4ger beim Wettbewerb \u201eJugend Musiziert\u201c und wurde 1994 mit dem 1. Preis des Louis-Spohr-Wettbewerbs\u00a0in Kassel ausgezeichnet. Hierauf folgten zahlreiche solistische Auftritte mit verschiedenen Symphonie- und Kammerorchestern in Europa, Japan, Korea und Amerika.<\/p>\n<p>In dieser Zeit begann er, sich auch ausgiebig kammermusikalischem Repertoire zu widmen. Besonderer Schwerpunkt seiner Arbeit lag hierbei in der Besetzung f\u00fcr Violine und Klavier, Klaviertrio und Streichquartett. Dar\u00fcber hinaus konzertierte er regelm\u00e4\u00dfig als Solist u.a. mit dem Internationalen Bart\u00f3k Kammerorchester und der Louis-Spohr-Sinfonietta und arbeitete mit verschiedenen renommierten Streichquartetten zusammen.<\/p>\n<blockquote><p>Er unterrichtete als Dozent f\u00fcr Kammermusik in Sommerkursen an der Universit\u00e4t in Sacramento, Kalifornien. Seit 2005 gibt er regelm\u00e4\u00dfig Meisterkurse f\u00fcr Violine und Kammermusik in S\u00fcdkorea. Au\u00dferdem ist Martin Schminke gern gesehener Gast bei zahlreichen Festivals im In- und Ausland und kann sowohl als Solist wie auch als Kammermusiker auf zahlreiche CD-Aufnahmen (u.a. bei Koch Discover Int.) verweisen.<\/p><\/blockquote>\n<p>Als Interpret zeitgen\u00f6ssischer Musik wurden neben Urauff\u00fchrungen u.a. in der Tonhalle D\u00fcsseldorf besonders die Urauff\u00fchrungen der Klaviertrios von <a href=\"http:\/\/www.martin-gerigk.de\">Martin Gerigk<\/a> (Derwischrequiem) und Frank Zabel im Konzerthaus Berlin und Konzerthaus Dortmund beachtet.<\/p>\n<p>Martin Schminke ist Gr\u00fcndungsmitglied des seit 2003 bestehenden Klaviertrios &#8222;Trio MusArto&#8220;. Konzerte f\u00fchrten ihn mit diesem Ensemble u.a. nach Leipzig (Mendelssohnhaus), Berlin (Konzerthaus), <a href=\"http:\/\/www.konzerthaus-dortmund.de\/\">Dortmund (Konzerthaus)<\/a>, \u00d6sterreich, Italien, Korea und Japan.<\/p>\n<blockquote><p>Besondere Beachtung fanden in diesem Zusammenhang u.a. die Auff\u00fchrungen von Beethovens Tripelkonzert, des C-Dur-Trios von J. Brahms und des Dumky-Trios von A. Dvorak im <a href=\"http:\/\/www.konzerthaus.de\">Konzerthaus Berlin<\/a> sowie die Auff\u00fchrung von Tschaikowskys Klaviertrio im Konzerthaus Dortmund.<\/p><\/blockquote>\n<p>Gefeiert wurde das Trio auch f\u00fcr seine Interpretation des Schubert Es-Dur-Trios in der Aoi-Hall Shizuoka\/Japan und in der DS-Hall Seoul\/S\u00fcd-Korea auf ihrer Japan-Korea-Tournee im Jahr 2009.<\/p>\n<p>Besonderen Anklang bei Publikum und Presse fanden zuletzt die Auff\u00fchrungen von <a href=\"http:\/\/youtu.be\/iPfUWEWu2ok\">J.S. Bachs Chaconne<\/a> in der selten gespielten Fassung f\u00fcr Violine und Klavier von R. Schumann.<\/p>\n<blockquote><p>Martin Schminke spielt auf einer Violine von J. B. Vuillaume aus dem Jahr 1835.<\/p><\/blockquote>\n<p>[\/et_pb_text][\/et_pb_column][\/et_pb_row][et_pb_row admin_label=&#8220;Zeile&#8220; _builder_version=&#8220;3.0.50&#8243; background_size=&#8220;initial&#8220; background_position=&#8220;top_left&#8220; background_repeat=&#8220;repeat&#8220;][et_pb_column type=&#8220;4_4&#8243;][et_pb_divider admin_label=&#8220;Teiler&#8220; color=&#8220;#000000&#8243; divider_position=&#8220;top&#8220; _builder_version=&#8220;3.0.50&#8243; show_divider=&#8220;on&#8220; \/][\/et_pb_column][\/et_pb_row][et_pb_row admin_label=&#8220;Zeile&#8220; _builder_version=&#8220;3.0.47&#8243; background_size=&#8220;initial&#8220; background_position=&#8220;top_left&#8220; background_repeat=&#8220;repeat&#8220;][et_pb_column type=&#8220;4_4&#8243;][et_pb_text admin_label=&#8220;Text&#8220; text_orientation=&#8220;justified&#8220; _builder_version=&#8220;3.0.50&#8243;]<\/p>\n<h2>Biography<\/h2>\n<p>&nbsp;<\/p>\n<p><strong>Martin Schminke<\/strong> was born in 1973 in Kassel, Germany. He began violin lessons at the age of 7. In 1990 he began studying at the Music Academy in Kassel with Professor Albert Kocsis, and continued his studies at the Musikhochschule W\u00fcrzburg with Professor Ernst Triner.<\/p>\n<p>In 1994 he won the Louis Spohr Prize in Kassel, which was followed by numerous solo appearances with various symphony and chamber orchestras in Europe, Japan, South Korea and America. During this time he began to focus his attention on chamber music, especially the formation duo (violin and piano) and piano trio.<\/p>\n<p>In 1998 and 1999 he taught at summer courses as a tutor for chamber music at the University of Sacramento, California, and in 2006 he taught a masterclass for violin and chamber music in South Korea. Since 2003 he is a member of the piano trio \u201cMusArto\u201d which plays regularly in famous locations as the Konzerthaus Berlin and the Mendelssohnhaus Leipzig.<\/p>\n<blockquote><p>Martin Schminke plays on a violin from J.P. Vuillaume.<\/p><\/blockquote>\n<p>[\/et_pb_text][\/et_pb_column][\/et_pb_row][\/et_pb_section]<\/p>\n","protected":false},"excerpt":{"rendered":"<p>Biografie &nbsp; Der aus Kassel stammende Geiger Martin Schminke\u00a0studierte an der Musikakademie Kassel bei Prof. Albert Kocsis und an der Musikhochschule W\u00fcrzburg bei Prof. Ernst Triner. Er war mehrfacher Preistr\u00e4ger beim Wettbewerb \u201eJugend Musiziert\u201c und wurde 1994 mit dem 1. Preis des Louis-Spohr-Wettbewerbs\u00a0in Kassel ausgezeichnet. Hierauf folgten zahlreiche solistische Auftritte mit verschiedenen Symphonie- und Kammerorchestern [&hellip;]<\/p>\n","protected":false},"author":1,"featured_media":0,"parent":0,"menu_order":0,"comment_status":"closed","ping_status":"closed","template":"","meta":{"_et_pb_use_builder":"on","_et_pb_old_content":"","_et_gb_content_width":"","footnotes":""},"class_list":["post-97","page","type-page","status-publish","hentry"],"_links":{"self":[{"href":"https:\/\/martinschminke.de\/index.php?rest_route=\/wp\/v2\/pages\/97","targetHints":{"allow":["GET"]}}],"collection":[{"href":"https:\/\/martinschminke.de\/index.php?rest_route=\/wp\/v2\/pages"}],"about":[{"href":"https:\/\/martinschminke.de\/index.php?rest_route=\/wp\/v2\/types\/page"}],"author":[{"embeddable":true,"href":"https:\/\/martinschminke.de\/index.php?rest_route=\/wp\/v2\/users\/1"}],"replies":[{"embeddable":true,"href":"https:\/\/martinschminke.de\/index.php?rest_route=%2Fwp%2Fv2%2Fcomments&post=97"}],"version-history":[{"count":14,"href":"https:\/\/martinschminke.de\/index.php?rest_route=\/wp\/v2\/pages\/97\/revisions"}],"predecessor-version":[{"id":262,"href":"https:\/\/martinschminke.de\/index.php?rest_route=\/wp\/v2\/pages\/97\/revisions\/262"}],"wp:attachment":[{"href":"https:\/\/martinschminke.de\/index.php?rest_route=%2Fwp%2Fv2%2Fmedia&parent=97"}],"curies":[{"name":"wp","href":"https:\/\/api.w.org\/{rel}","templated":true}]}}